). Let z = -10 + h. What is the tens digit of z?
4
Suppose 8*j + 812 - 7460 = 0. What is the units digit of j?
1
Suppose d = -h + 2*h + 302, -d + 298 = h. Suppose 0 = 3*j - 6*j + s + 188, -5*j + 5*s = -d. What is the tens digit of j?
6
Let f = 26 - 24. Suppose h + f*h - 21 = 0. Let k = h - 2. What is the units digit of k?
5
Suppose -5*i = 5*o + 10, 0*o = -3*o - 4*i - 2. Let k(h) = -h**2 - 11*h + 11. What is the units digit of k(o)?
1
Suppose 3*l + 5*j = 10141, j + 1774 = 4*l - 11755. What is the hundreds digit of l?
3
Let c(h) = h**2 - 17*h + 30. What is the hundreds digit of c(36)?
7
Suppose 0 = -3*i + 4*l + 1305, -i - 3*l + 1715 = 3*i. What is the units digit of i?
1
Let h(v) be the first derivative of -2*v**2 - 13*v + 1. Let q = 234 - 243. What is the units digit of h(q)?
3
Let a(b) = -42*b**3 + 1. Let z(l) = l**3 - 5*l**2 - 6*l - 1. Let p be z(6). Let w be a(p). Suppose -2*g = -w - 23. What is the tens digit of g?
3
Let v(j) = 571*j - 3. Let z be v(-1). Let o = z + 865. What is the hundreds digit of o?
2
Let q(h) = 2*h**2 - h + 50. What is the units digit of q(-10)?
0
Let g(z) = -10*z + 137. What is the tens digit of g(-19)?
2
Let l = -796 + 379. Let d = 586 + l. What is the tens digit of d?
6
Let s be 0 - -2 - 0/(-2). Suppose 2*t + s = 5*c - 0*t, -2*c - 5*t + 24 = 0. Suppose 4*g - c*g - 82 = 0. What is the tens digit of g?
4
Suppose 4*h - 2 = 3*l - 3, -2*l - 4 = -5*h. Suppose -3*t = -3*k - 393, -l*k - 144 = -2*t + 248. What is the units digit of 18/4*k/(-15)?
9
Let i(f) be the third derivative of 11*f**5/120 - f**4/8 - 5*f**3/6 + 9*f**2. Let k(x) be the first derivative of i(x). What is the units digit of k(2)?
9
Suppose 4*u - 2*g + g = 4, 3*g = 3*u - 12. Let l be (-1 + 2)*(u - -16). Suppose 3*t + 15 = 0, 2*t + l = 5*h - 9. What is the units digit of h?
3
Let w = -6 - 72. Let p = 185 + w. What is the tens digit of p?
0
Let k = 54 + 380. What is the hundreds digit of k?
4
Suppose -52 = 7*g + 11. Let m(l) = -l**2 - 12*l - 4. What is the units digit of m(g)?
3
Suppose 0 = -14*i - 15*i + 14935. What is the tens digit of i?
1
Let j(k) = -14*k**2 - k + 8. Let i be j(-3). Let y = -67 - i. What is the tens digit of y?
4
Let x = -1 + 2. Let b = 4 + x. What is the units digit of b?
5
Let p(z) = z**2 - 12*z - 5. Let g be p(12). Let b(h) = -10*h - 2. Let l be b(g). Let i = -32 + l. What is the units digit of i?
6
Let m(n) = -n**3 - 17*n**2 - 2*n - 30. Let y be m(-17). Suppose p - 35 = -3*j, -p = -3*j - y*p + 33. What is the tens digit of j?
1
Let t(s) = -s**3 + 7*s**2 + s - 4. Let v be t(7). Suppose v*z - 3*b = 693, -3*z + 0*z + b = -683. What is the hundreds digit of z?
2
Suppose 3*f - 353 = 5*i, i - 579 = -7*f + 2*f. What is the units digit of f?
6
Suppose -12 = -b - 8. Suppose -l = -5*d - 30, 4*l - 5*d - 49 = 11. What is the units digit of l - -6*(-2)/b?
7
Let i = 36 - 36. Suppose -5*c + 4 = -p + 26, -p - 5*c + 12 = i. What is the tens digit of p?
1
Suppose -5*g + 4*j - 10 + 46 = 0, -2*g = -3*j - 20. Suppose -2*o - 2*z = 2*o - 266, 5*z + 231 = g*o. Let c = -44 + o. What is the units digit of c?
0
Suppose -2*b - 4*c = -5 + 1, -5*b = -2*c - 58. Suppose 11*n - 5 = b*n. What is the tens digit of 11*n/((-15)/(-9))?
3
What is the units digit of (37 + 0)*2*(-55)/(-11)?
0
Suppose -2*r = -r + 5, 3857 = a + 4*r. What is the units digit of a?
7
Let j = -53 + 27. Let t = j + 33. What is the units digit of t?
7
Let l(c) = 8*c**3 + 2*c**2 - 3*c + 11. What is the units digit of l(4)?
3
Let w = 354 + 145. What is the hundreds digit of w?
4
Let r = -39 - -43. What is the units digit of (-1 + r)*-1 - -64?
1
Let x = 42 + -42. Suppose 5*p - 990 = -4*g - g, 5*p + g - 982 = x. What is the tens digit of p?
9
Let v be (-172)/10 - 11/(-55). What is the tens digit of 138 + v/6 + (-10)/60?
3
Suppose -14638 = 20*o - 108058. What is the thousands digit of o?
4
What is the hundreds digit of ((-1976)/(-57))/(2/33)?
5
What is the tens digit of 4264/78 - (-3)/(-2 + 11)?
5
Let q(u) = u**3 - 5*u**2 - 4*u + 8. Let o(h) = 2*h**3 - 4*h**2 - 3*h + 9. Let s(m) = 2*o(m) - 3*q(m). What is the units digit of s(-5)?
4
Let c = 11436 - 4932. What is the units digit of c?
4
Let c be 0 + (-1 + 1)/3. Let a = c - -4. Let s(u) = 12*u - 2. What is the units digit of s(a)?
6
Let f(r) be the first derivative of 2*r**3/3 - r**2 - 31*r - 31. What is the hundreds digit of f(-8)?
1
Let h(m) = 2*m + 5. Let r be h(-4). Let j = 0 + r. What is the units digit of (-2)/6*14*j?
4
Let s be (776/(-6))/(4/(-6)). Suppose 245 = 3*o + 4*r, -5*r - s = -3*o + o. What is the tens digit of o?
8
Suppose 20*z - 2025 - 3715 = 0. What is the units digit of z?
7
Let y = 8 + -4. Suppose y*t - 182 + 47 = 5*r, -84 = -3*t - 2*r. What is the units digit of t?
0
Let h(x) = x**2 + 4*x + 6. Let i be h(-3). Let y = i + 105. What is the hundreds digit of y?
1
Let l(s) = 3*s**2. Let i be l(-1). Let f be (-13)/39*i/(-1). What is the units digit of (-76)/(-8)*2 + f?
0
Let i(h) = h**3 + 20*h**2 - 3*h + 16. What is the hundreds digit of i(-16)?
0
Let k(h) = 7*h - 12 + h**2 + 4*h + 0*h + h. What is the tens digit of k(-21)?
7
Suppose 38*t - 24*t + 168 = 0. What is the units digit of 435/t*(-10 + 2)?
0
Let f be (-5)/(-5) + (-3)/(-3) + 0. Suppose f*c + 67 = 259. What is the tens digit of c?
9
Suppose -2*w - a = 4*a - 2452, 3*a = -4*w + 4904. What is the units digit of w?
6
Let z(a) = -a - 7. Let i be z(-6). Let u(j) = -230*j + 0*j**2 + 7*j**2 - 1 + 228*j. What is the units digit of u(i)?
8
Suppose -4*t - 2473 = -3*m - 7342, 2*t + 5*m - 2441 = 0. What is the tens digit of t?
1
Let a(v) = -2*v - 12. Let z be a(5). Let b = z + 66. What is the tens digit of b?
4
Suppose -85*j + 83*j = -1010. What is the tens digit of j?
0
Let s be 2 + (0 - -2) - -326. Let w = 517 - s. What is the units digit of w?
7
Let q = -309 + 896. What is the tens digit of q?
8
Let w = 19 + -29. Let o be (-44)/10 - 4/w. What is the units digit of ((-50)/o)/(11/22)?
5
Let u(y) = y**2 - 15*y - 13. Let z be u(16). Suppose -4*t - 4*n = -792, 5*n + 245 = z*t - 309. What is the units digit of t?
3
Suppose 8*i + 60 = 4*i. What is the units digit of (12 + i)*(-22)/3?
2
Let v = 5 + 27. Let b = v - 30. Suppose b*j = 4*z + 60 - 2, z + 29 = j. What is the tens digit of j?
2
Let r(x) = -x**3 + 28*x**2 - 51*x + 9. What is the hundreds digit of r(24)?
0
Let g = -10 + 13. Suppose g*y - 2*b = 351, 235 = 2*y + 2*b - 3*b. What is the tens digit of y?
1
Let a(w) = -3*w**2 + w + 1. Let f be a(2). Let i = f - -12. Suppose -3*z = -4*q - 80, 2*q + i + 49 = 2*z. What is the tens digit of z?
2
What is the thousands digit of 57/(-3)*(-5 - 115)?
2
Let i be 0/(20/(-4) - -3). Suppose i*z + z + 2*r - 74 = 0, -4*z + 276 = 3*r. What is the units digit of z?
6
Let h(a) = 132*a**2 + 13*a - 17. What is the units digit of h(2)?
7
Let c(r) = 1 + 0*r + 2 + r - 2. Let v be c(-7). What is the units digit of (76/v)/((-4)/6)?
9
What is the tens digit of 6/(-4)*(-1476)/27?
8
Suppose 0 = -2*z + 1726 + 1864. What is the thousands digit of z?
1
Suppose 9*m - 4*m - 720 = 0. What is the units digit of m?
4
Let d(b) = -b**3 + 12*b**2 + b - 9. Let k be d(12). Suppose 4*s + 348 = 4*y, -k*y - 3*s + 1 + 278 = 0. What is the tens digit of y?
9
Suppose -28 = -2*k + 4*x, -4*k - 2*x + 5*x = -46. What is the units digit of -14*k/(-4) - 3?
2
Let t be (-3)/(-3) + 5 + 8. Let y = 16 - t. What is the units digit of y?
2
Let n = 1059 + -573. What is the tens digit of n?
8
Let w(c) = c**3 + 8*c**2 + c + 11. Let q be w(-8). Suppose -3*n = -4*p + 718, -5*p = q*n - 8*n - 895. What is the units digit of p?
1
What is the hundreds digit of ((-112)/16 - -1396)*(-8)/(-6)?
8
Let w = 757 + -365. What is the tens digit of w?
9
Suppose -2*p - 6 = -26. Let z be 1 + 15 + (p - 11). Suppose -s + z = -22. What is the tens digit of s?
3
Suppose -3*i - r = 2*i - 27, -12 = -3*i - 2*r. Suppose 5*o - 27 = 4*d, -i*o = -o + 5*d. Suppose -f + o = -13. What is the units digit of f?
6
Suppose 4*x - 277 = -v + 2*v, -48 = -x - 4*v. Suppose -5*k + 2*k - 4*o + 335 = 0, 4 = -4*o. Let z = k - x. What is the units digit of z?
5
Let a(j) = j**2 + 10*j - 30. Let q be a(-12). Let g = 19 + q. What is the units digit of g?
3
Suppose 5*a = -5*j + 3405, -2*a + j = -3*j - 1380. What is the tens digit of a?
8
Suppose -20 = 5*f, -4*m - 2*f + 2 + 6 = 0. Suppose w - m = -4*k - 12,